{"id":25,"date":"2018-06-11T15:26:01","date_gmt":"2018-06-11T13:26:01","guid":{"rendered":"http:\/\/skladopalu.szczecin.pl\/?page_id=25"},"modified":"2022-10-09T22:53:49","modified_gmt":"2022-10-09T20:53:49","slug":"zwir-piasek","status":"publish","type":"page","link":"https:\/\/skladopalu.szczecin.pl\/en\/zwir-piasek\/","title":{"rendered":"ROZPA\u0141KA"},"content":{"rendered":"\n<div class=\"wp-block-image\"><figure class=\"aligncenter\"><img loading=\"lazy\" width=\"1024\" height=\"624\" src=\"http:\/\/skladopalu.szczecin.pl\/wp-content\/uploads\/2018\/07\/DSCN0053_edited-1024x624.jpg\" alt=\"\" class=\"wp-image-249\" srcset=\"https:\/\/skladopalu.szczecin.pl\/wp-content\/uploads\/2018\/07\/DSCN0053_edited-1024x624.jpg 1024w, https:\/\/skladopalu.szczecin.pl\/wp-content\/uploads\/2018\/07\/DSCN0053_edited-300x183.jpg 300w, https:\/\/skladopalu.szczecin.pl\/wp-content\/uploads\/2018\/07\/DSCN0053_edited-768x468.jpg 768w\" sizes=\"(max-width: 1024px) 100vw, 1024px\" \/><\/figure><\/div>\n\n\n\n<p class=\"has-text-align-center\">Oferujemy sprzeda\u017c drewna rozpa\u0142kowego pakowanego w siatk\u0119. Aktualne ceny drewna opa\u0142owego oraz rozpa\u0142ki znajduj\u0105 si\u0119 w cenniku poni\u017cej.<\/p>\n\n\n\n<p><\/p>\n\n\n\n<p><\/p>\n\n\n\n<table id=\"tablepress-9\" class=\"tablepress tablepress-id-9\">\n<thead>\n<tr class=\"row-1 odd\">\n\t<th class=\"column-1\">Nazwa<\/th><th class=\"column-2\">Opis<\/th><th class=\"column-3\">Cena<\/th>\n<\/tr>\n<\/thead>\n<tbody class=\"row-hover\">\n<tr class=\"row-2 even\">\n\t<td class=\"column-1\">DREWNO KOMINKOWE, OPA\u0141OWE<br \/>\nbuk, d\u0105b<\/td><td class=\"column-2\">Drewno luzem, cena za jeden mp<\/td><td class=\"column-3\">450z\u0142<\/td>\n<\/tr>\n<tr class=\"row-3 odd\">\n\t<td class=\"column-1\">DREWNO KOMINKOWE, OPA\u0141OWE<br \/>\nBrzoza, olcha<\/td><td class=\"column-2\">Drewno luzem, cena za jeden mp<\/td><td class=\"column-3\">450z\u0142<\/td>\n<\/tr>\n<tr class=\"row-4 even\">\n\t<td class=\"column-1\">DREWNO KOMINKOWE, OPA\u0141OWE<br \/>\nSosna<\/td><td class=\"column-2\">Drewno luzem, cena za jeden mp<\/td><td class=\"column-3\">300z\u0142<\/td>\n<\/tr>\n<tr class=\"row-5 odd\">\n\t<td class=\"column-1\">TROCINY Z DRZEW LI\u015aCIASTYCH<\/td><td class=\"column-2\">Trociny powsta\u0142e w wyniku ci\u0119cia drewna na naszym sk\u0142adzie<\/td><td class=\"column-3\">10z\u0142 za worek 130L<br \/>\n85z\u0142 za BIG-BAG 1000L<\/td>\n<\/tr>\n<tr class=\"row-6 even\">\n\t<td class=\"column-1\">DREWNO ROZPA\u0141KOWE, ROZPA\u0141KA<\/td><td class=\"column-2\">Drobne drewno pakowane w siatk\u0119 <\/td><td class=\"column-3\">20z\u0142<\/td>\n<\/tr>\n<tr class=\"row-7 odd\">\n\t<td class=\"column-1\">PNIAK DO R\u0104BANIA DREWNA BUK<\/td><td class=\"column-2\">Pniaki do r\u0105bania drewna o r\u00f3\u017cnej d\u0142ugo\u015bci i szeroko\u015bci.<\/td><td class=\"column-3\">50z\u0142<\/td>\n<\/tr>\n<\/tbody>\n<\/table>\n<!-- #tablepress-9 from cache -->\n\n\n\n<p><\/p>\n","protected":false},"excerpt":{"rendered":"<p>Oferujemy sprzeda\u017c drewna rozpa\u0142kowego pakowanego w siatk\u0119. Aktualne ceny drewna opa\u0142owego oraz rozpa\u0142ki znajduj\u0105 si\u0119 w cenniku poni\u017cej.<\/p>\n","protected":false},"author":1,"featured_media":0,"parent":0,"menu_order":4,"comment_status":"closed","ping_status":"closed","template":"template\/template-page-full-width.php","meta":{"ngg_post_thumbnail":0},"translation":{"provider":"WPGlobus","version":"2.10.4","language":"en","enabled_languages":["pl","en","de"],"languages":{"pl":{"title":true,"content":true,"excerpt":false},"en":{"title":false,"content":false,"excerpt":false},"de":{"title":true,"content":true,"excerpt":false}}},"_links":{"self":[{"href":"https:\/\/skladopalu.szczecin.pl\/en\/wp-json\/wp\/v2\/pages\/25"}],"collection":[{"href":"https:\/\/skladopalu.szczecin.pl\/en\/wp-json\/wp\/v2\/pages"}],"about":[{"href":"https:\/\/skladopalu.szczecin.pl\/en\/wp-json\/wp\/v2\/types\/page"}],"author":[{"embeddable":true,"href":"https:\/\/skladopalu.szczecin.pl\/en\/wp-json\/wp\/v2\/users\/1"}],"replies":[{"embeddable":true,"href":"https:\/\/skladopalu.szczecin.pl\/en\/wp-json\/wp\/v2\/comments?post=25"}],"version-history":[{"count":21,"href":"https:\/\/skladopalu.szczecin.pl\/en\/wp-json\/wp\/v2\/pages\/25\/revisions"}],"predecessor-version":[{"id":868,"href":"https:\/\/skladopalu.szczecin.pl\/en\/wp-json\/wp\/v2\/pages\/25\/revisions\/868"}],"wp:attachment":[{"href":"https:\/\/skladopalu.szczecin.pl\/en\/wp-json\/wp\/v2\/media?parent=25"}],"curies":[{"name":"wp","href":"https:\/\/api.w.org\/{rel}","templated":true}]}}

ROZPAŁKA

<div class="wp-block-image"><figure class="aligncenter"><img loading="lazy" width="1024" height="624" src="http://skladopalu.szczecin.pl/wp-content/uploads/2018/07/DSCN0053_edited-1024x624.jpg" alt="" class="wp-image-249" srcset="https://skladopalu.szczecin.pl/wp-content/uploads/2018/07/DSCN0053_edited-1024x624.jpg 1024w, https://skladopalu.szczecin.pl/wp-content/uploads/2018/07/DSCN0053_edited-300x183.jpg 300w, https://skladopalu.szczecin.pl/wp-content/uploads/2018/07/DSCN0053_edited-768x468.jpg 768w" sizes="(max-width: 1024px) 100vw, 1024px" /></figure></div>



<p class="has-text-align-center">Oferujemy sprzedaż drewna rozpałkowego pakowanego w siatkę. Aktualne ceny drewna opałowego oraz rozpałki znajdują się w cenniku poniżej.</p>



<p></p>



<p></p>



<table id="tablepress-9" class="tablepress tablepress-id-9">
<thead>
<tr class="row-1 odd">
	<th class="column-1">Nazwa</th><th class="column-2">Opis</th><th class="column-3">Cena</th>
</tr>
</thead>
<tbody class="row-hover">
<tr class="row-2 even">
	<td class="column-1">DREWNO KOMINKOWE, OPAŁOWE<br />
buk, dąb</td><td class="column-2">Drewno luzem, cena za jeden mp</td><td class="column-3">450zł</td>
</tr>
<tr class="row-3 odd">
	<td class="column-1">DREWNO KOMINKOWE, OPAŁOWE<br />
Brzoza, olcha</td><td class="column-2">Drewno luzem, cena za jeden mp</td><td class="column-3">450zł</td>
</tr>
<tr class="row-4 even">
	<td class="column-1">DREWNO KOMINKOWE, OPAŁOWE<br />
Sosna</td><td class="column-2">Drewno luzem, cena za jeden mp</td><td class="column-3">300zł</td>
</tr>
<tr class="row-5 odd">
	<td class="column-1">TROCINY Z DRZEW LIŚCIASTYCH</td><td class="column-2">Trociny powstałe w wyniku cięcia drewna na naszym składzie</td><td class="column-3">10zł za worek 130L<br />
85zł za BIG-BAG 1000L</td>
</tr>
<tr class="row-6 even">
	<td class="column-1">DREWNO ROZPAŁKOWE, ROZPAŁKA</td><td class="column-2">Drobne drewno pakowane w siatkę </td><td class="column-3">20zł</td>
</tr>
<tr class="row-7 odd">
	<td class="column-1">PNIAK DO RĄBANIA DREWNA BUK</td><td class="column-2">Pniaki do rąbania drewna o różnej długości i szerokości.</td><td class="column-3">50zł</td>
</tr>
</tbody>
</table>
<!-- #tablepress-9 from cache -->



<p></p>

<p>Oferujemy sprzedaż drewna rozpałkowego pakowanego w siatkę. Aktualne ceny drewna opałowego oraz rozpałki znajdują się w cenniku poniżej.</p>
