{"id":27,"date":"2018-06-11T15:26:37","date_gmt":"2018-06-11T13:26:37","guid":{"rendered":"http:\/\/skladopalu.szczecin.pl\/?page_id=27"},"modified":"2025-07-09T20:30:39","modified_gmt":"2025-07-09T18:30:39","slug":"kontakt","status":"publish","type":"page","link":"https:\/\/skladopalu.szczecin.pl\/de\/kontakt\/","title":{"rendered":"KONTAKT"},"content":{"rendered":"<p>FH-U Jaros\u0142aw Kolski<\/p>\n<p>Sk\u0142ad Opa\u0142u<br \/>\nul. \u015awierczewska 5<br \/>\n71-086 Szczecin<\/p>\n<p>Kontakt:<br \/>\n+48 91 453 14 57<br \/>\n+48 517 596 546<\/p>\n<p>kolskijaroslaw@gmail.com<\/p>\n<p>Wp\u0142aty prosimy dokonywa\u0107 na konto mBank<br \/>\n70 1140 2004 0000 3102 7697 6346<\/p>\n<p><iframe style=\"border: 0;\" src=\"https:\/\/www.google.com\/maps\/embed?pb=!1m10!1m8!1m3!1d9509.503346351405!2d14.502913!3d53.425988!3m2!1i1024!2i768!4f13.1!5e0!3m2!1spl!2spl!4v1529518919658\" width=\"600\" height=\"450\" frameborder=\"0\" allowfullscreen=\"allowfullscreen\"><\/iframe><\/p>\n","protected":false},"excerpt":{"rendered":"<p>FH-U Jaros\u0142aw Kolski Sk\u0142ad Opa\u0142u ul. \u015awierczewska 5 71-086 Szczecin Kontakt: +48 91 453 14 57 +48 517 596 546 kolskijaroslaw@gmail.com Wp\u0142aty prosimy dokonywa\u0107 na konto mBank 70 1140 2004 0000 3102 7697 6346<\/p>\n","protected":false},"author":1,"featured_media":0,"parent":0,"menu_order":5,"comment_status":"closed","ping_status":"closed","template":"template\/template-page-full-width.php","meta":{"ngg_post_thumbnail":0},"translation":{"provider":"WPGlobus","version":"2.10.4","language":"de","enabled_languages":["pl","en","de"],"languages":{"pl":{"title":true,"content":true,"excerpt":false},"en":{"title":false,"content":false,"excerpt":false},"de":{"title":false,"content":false,"excerpt":false}}},"_links":{"self":[{"href":"https:\/\/skladopalu.szczecin.pl\/de\/wp-json\/wp\/v2\/pages\/27"}],"collection":[{"href":"https:\/\/skladopalu.szczecin.pl\/de\/wp-json\/wp\/v2\/pages"}],"about":[{"href":"https:\/\/skladopalu.szczecin.pl\/de\/wp-json\/wp\/v2\/types\/page"}],"author":[{"embeddable":true,"href":"https:\/\/skladopalu.szczecin.pl\/de\/wp-json\/wp\/v2\/users\/1"}],"replies":[{"embeddable":true,"href":"https:\/\/skladopalu.szczecin.pl\/de\/wp-json\/wp\/v2\/comments?post=27"}],"version-history":[{"count":9,"href":"https:\/\/skladopalu.szczecin.pl\/de\/wp-json\/wp\/v2\/pages\/27\/revisions"}],"predecessor-version":[{"id":1031,"href":"https:\/\/skladopalu.szczecin.pl\/de\/wp-json\/wp\/v2\/pages\/27\/revisions\/1031"}],"wp:attachment":[{"href":"https:\/\/skladopalu.szczecin.pl\/de\/wp-json\/wp\/v2\/media?parent=27"}],"curies":[{"name":"wp","href":"https:\/\/api.w.org\/{rel}","templated":true}]}}

<p>FH-U Jarosław Kolski</p>
<p>Skład Opału<br />
ul. Świerczewska 5<br />
71-086 Szczecin</p>
<p>Kontakt:<br />
+48 91 453 14 57<br />
+48 517 596 546</p>
<p>kolskijaroslaw@gmail.com</p>
<p>Wpłaty prosimy dokonywać na konto mBank<br />
70 1140 2004 0000 3102 7697 6346</p>
<p><iframe style="border: 0;" src="https://www.google.com/maps/embed?pb=!1m10!1m8!1m3!1d9509.503346351405!2d14.502913!3d53.425988!3m2!1i1024!2i768!4f13.1!5e0!3m2!1spl!2spl!4v1529518919658" width="600" height="450" frameborder="0" allowfullscreen="allowfullscreen"></iframe></p>

<p>FH-U Jarosław Kolski Skład Opału ul. Świerczewska 5 71-086 Szczecin Kontakt: +48 91 453 14 57 +48 517 596 546 kolskijaroslaw@gmail.com Wpłaty prosimy dokonywać na konto mBank 70 1140 2004 0000 3102 7697 6346</p>
